d 1278?
6
What is the greatest common factor of 3666 and 2032186?
1222
Calculate the highest common divisor of 12 and 74252.
4
What is the highest common divisor of 573 and 516?
3
Calculate the highest common factor of 24576 and 3768.
24
What is the highest common divisor of 8323 and 232183?
287
Calculate the highest common divisor of 1584 and 11792.
176
What is the greatest common factor of 286 and 56122?
22
What is the greatest common factor of 333 and 1773?
9
What is the greatest common divisor of 12 and 40016?
4
What is the highest common divisor of 34343 and 10697?
563
Calculate the greatest common divisor of 156 and 891150.
78
What is the greatest common divisor of 985 and 305?
5
What is the greatest common divisor of 13980 and 9553?
233
What is the greatest common factor of 23923 and 10180?
509
Calculate the highest common factor of 17384 and 492.
164
What is the greatest common divisor of 82 and 334519?
41
Calculate the greatest common divisor of 246863 and 43.
43
What is the greatest common factor of 134170 and 60?
10
What is the greatest common factor of 10 and 48902?
2
What is the greatest common factor of 2117 and 3103?
29
What is the greatest common factor of 220 and 181005?
55
What is the highest common divisor of 7619 and 190?
19
Calculate the greatest common factor of 14 and 2373.
7
What is the greatest common factor of 60 and 34460?
20
Calculate the greatest common factor of 200410 and 20090.
490
What is the greatest common factor of 5831 and 43561?
343
What is the greatest common factor of 4173 and 75?
3
Calculate the highest common factor of 2944 and 24196.
92
What is the greatest common divisor of 131 and 7790963?
131
Calculate the highest common factor of 461690 and 11458.
674
What is the highest common factor of 3311 and 10836?
301
Calculate the highest common divisor of 99 and 183051.
99
What is the greatest common factor of 798 and 190?
38
What is the highest common factor of 5568 and 51264?
192
Calculate the highest common divisor of 60 and 4423920.
60
What is the highest common divisor of 6324 and 32302?
62
What is the highest common divisor of 693 and 86317?
77
Calculate the greatest common divisor of 28 and 243404.
28
Calculate the highest common factor of 64625 and 22.
11
What is the highest common factor of 48 and 463308?
12
What is the highest common factor of 169864 and 272?
136
Calculate the greatest common divisor of 74529 and 1617.
147
Calculate the greatest common divisor of 2603 and 179196.
137
What is the greatest common factor of 1931424 and 3168?
1056
What is the highest common divisor of 1068 and 4860?
12
Calculate the highest common divisor of 25 and 156875.
25
What is the highest common factor of 2 and 26304?
2
What is the highest common divisor of 1810 and 40?
10
What is the greatest common factor of 4645 and 1014468?
929
Calculate the highest common divisor of 105 and 6453930.
105
What is the highest common divisor of 4 and 178?
2
What is the highest common factor of 18 and 18618?
6
What is the highest common factor of 541450 and 36946?
1274
Calculate the highest common divisor of 16490 and 4624.
34
What is the greatest common divisor of 408 and 244137?
51
Calculate the greatest common factor of 29 and 246065.
29
What is the highest common factor of 75163 and 374?
11
What is the highest common factor of 16 and 174472?
8
Calculate the greatest common divisor of 22338 and 2142.
306
What is the highest common divisor of 920 and 1400?
40
Calculate the highest common factor of 400 and 212500.
100
What is the highest common divisor of 5888 and 1088?
64
Calculate the highest common divisor of 390 and 285610.
130
Calculate the greatest common divisor of 3024 and 8127.
189
Calculate the greatest common factor of 192 and 13008.
48
What is the highest common factor of 800 and 793400?
200
Calculate the greatest common factor of 6259 and 33.
11
Calculate the highest common divisor of 819 and 12870.
117
What is the greatest common divisor of 218552 and 272?
136
Calculate the greatest common factor of 498 and 26.
2
What is the highest common divisor of 3664 and 10?
2
Calculate the greatest common divisor of 28 and 1216096.
28
What is the greatest common divisor of 12397 and 483?
161
What is the highest common divisor of 11310 and 234?
78
What is the highest common factor of 79936 and 1152?
64
What is the greatest common divisor of 413059 and 118?
59
What is the highest common divisor of 996923 and 177?
59
What is the highest common divisor of 253597 and 367?
367
Calculate the highest common divisor of 9893 and 65.
13
Calculate the greatest common factor of 544533 and 10527.
957
What is the greatest common divisor of 985 and 1565?
5
What is the highest common divisor of 316 and 44003?
79
Calculate the highest common factor of 7805 and 2975.
35
What is the highest common factor of 19 and 981787?
19
Calculate the highest common factor of 687260 and 140.
140
What is the highest common factor of 1856 and 187514?
58
Calculate the highest common factor of 21 and 106498.
7
What is the greatest common divisor of 1337183 and 127?
127
What is the highest common divisor of 833 and 15778?
49
What is the greatest common divisor of 2208 and 108960?
96
What is the greatest common factor of 53176 and 184?
184
What is the greatest common factor of 3417264 and 16?
16
Calculate the greatest common divisor of 88180 and 820.
20
Calculate the greatest common divisor of 878 and 430220.
878
Calculate the greatest common divisor of 238 and 3213.
119
Calculate the greatest common divisor of 356190 and 3720.
930
What is the highest common factor of 244 and 2704?
4
What is the greatest common divisor of 36 and 302?
2
Calculate the greatest common divisor of 2952 and 360882.
738
Calculate the greatest common factor of 666 and 1692.
18
What is the greatest common factor of 158 and 1446174?
158
What is the highest common divisor of 2436264 and 32?
8
What is the highest common factor of 986 and 1245086?
58
Calculate the greatest common factor of 1242076 and 154.
22
What is the highest common factor of 181080 and 1140?
60
Calculate the highest common factor of 2889 and 7047.
27
Calculate the greatest common divisor of 3048 and 6348.
12
What is the greatest common divisor of 19551 and 1995?
399
Calculate the greatest common factor of 25 and 43220.
5
What is the highest common divisor of 147877 and 38?
19
What is the greatest common factor of 1400 and 21525?
175
What is the highest common factor of 666274 and 266?
14
Calculate the highest common factor of 323268 and 2640.
132
What is the greatest common divisor of 204 and 161432?
68
Calculate the highest common factor of 247008 and 62.
62
Calculate the highest common divisor of 1034797 and 7126.
509
What is the highest common divisor of 755 and 5?
5
What is the highest common factor of 4425 and 11535?
15
Calculate the highest common factor of 64 and 66112.
64
Calculate the greatest common divisor of 15344 and 378805.
959
What is the highest common divisor of 1343830 and 50?
10
What is the greatest common divisor of 23902 and 32930?
74
Calculate the highest common divisor of 84 and 2676.
12
What is the highest common factor of 3 and 20289?
3
Calculate the greatest common factor of 31686 and 894.
6
What is the highest common divisor of 69713 and 28?
7
Calculate the greatest common factor of 1698 and 30.
6
What is the highest common divisor of 42344 and 145256?
536
What is the greatest common divisor of 7802 and 4606?
94
Calculate the highest common divisor of 2 and 530902.
2
Calculate the highest common divisor of 37376 and 4088.
584
What is the greatest common factor of 1849474 and 44?
22
What is the greatest common factor of 38793 and 1351?
193
Calculate the highest common factor of 146 and 19472604.
146
Calculate the greatest common divisor of 2364 and 157994.
394
Calculate the greatest common divisor of 514107 and 81.
81
What is the greatest common factor of 1408 and 36736?
128
What is the highest common divisor of 30628 and 57?
19
Calculate the greatest common divisor of 1389 and 356047.
463
Calculate the highest common factor of 100 and 86630.
10
What is the highest common divisor of 28616 and 1606?
146
Calculate the greatest common divisor of 244271 and 3973.
137
Calculate the greatest com